{"id":58,"date":"2023-11-04T17:04:31","date_gmt":"2023-11-04T16:04:31","guid":{"rendered":"https:\/\/www.fc-flying-albatros.de\/neu\/?page_id=58"},"modified":"2025-03-21T12:19:07","modified_gmt":"2025-03-21T11:19:07","slug":"schiedsrichter","status":"publish","type":"page","link":"https:\/\/www.fc-flying-albatros.de\/neu\/schiedsrichter\/","title":{"rendered":"Schiedsrichter"},"content":{"rendered":"\n<p><strong>Schiedsrichter des FC Flying Albatros:<\/strong><br><br>Der FC Flying Albatros e.V. unterst\u00fctzt den Fu\u00dfballverband und stellt im Kreis Sieg f\u00fcr die Durchf\u00fchrung des Spielbetriebes folgende Schiedsrichter_innen:<\/p>\n\n\n\n<ul class=\"wp-block-list\">\n<li>Sener Tasdemir &#8211; Seniorenschiedsrichter Kreisliga A<\/li>\n\n\n\n<li>Egon Reppert &#8211; Seniorenschiedsrichter Kreisliga B<\/li>\n\n\n\n<li>Annalena Weithe &#8211; Seniorenschiedsrichterin Kreisliga B<\/li>\n\n\n\n<li>Chris Horst &#8211; Seniorenschiedsrichter Bezirksliga<\/li>\n\n\n\n<li>Benjamin Weithe &#8211; Jungschiedsrichter<\/li>\n<\/ul>\n\n\n\n<p><\/p>\n\n\n\n<p><strong>Ansprechpartner:&nbsp;<\/strong><\/p>\n\n\n\n<ul class=\"wp-block-list\">\n<li>Wolfgang Weithe-Berchtold &#8211; Seniorenschiedsrichter Kreisliga B<\/li>\n<\/ul>\n\n\n\n<p>&nbsp;&nbsp;&nbsp;&nbsp;&nbsp;&nbsp;&nbsp;&nbsp;&nbsp;(Tel. 0177-3130460)<\/p>\n","protected":false},"excerpt":{"rendered":"<p>Schiedsrichter des FC Flying Albatros: Der FC Flying Albatros e.V. unterst\u00fctzt den Fu\u00dfballverband und stellt im Kreis Sieg f\u00fcr die Durchf\u00fchrung des Spielbetriebes folgende Schiedsrichter_innen: Ansprechpartner:&nbsp; &nbsp;&nbsp;&nbsp;&nbsp;&nbsp;&nbsp;&nbsp;&nbsp;&nbsp;(Tel. 0177-3130460)<\/p>\n","protected":false},"author":1,"featured_media":0,"parent":0,"menu_order":0,"comment_status":"closed","ping_status":"closed","template":"","meta":{"footnotes":""},"class_list":["post-58","page","type-page","status-publish","hentry"],"_links":{"self":[{"href":"https:\/\/www.fc-flying-albatros.de\/neu\/wp-json\/wp\/v2\/pages\/58","targetHints":{"allow":["GET"]}}],"collection":[{"href":"https:\/\/www.fc-flying-albatros.de\/neu\/wp-json\/wp\/v2\/pages"}],"about":[{"href":"https:\/\/www.fc-flying-albatros.de\/neu\/wp-json\/wp\/v2\/types\/page"}],"author":[{"embeddable":true,"href":"https:\/\/www.fc-flying-albatros.de\/neu\/wp-json\/wp\/v2\/users\/1"}],"replies":[{"embeddable":true,"href":"https:\/\/www.fc-flying-albatros.de\/neu\/wp-json\/wp\/v2\/comments?post=58"}],"version-history":[{"count":5,"href":"https:\/\/www.fc-flying-albatros.de\/neu\/wp-json\/wp\/v2\/pages\/58\/revisions"}],"predecessor-version":[{"id":324,"href":"https:\/\/www.fc-flying-albatros.de\/neu\/wp-json\/wp\/v2\/pages\/58\/revisions\/324"}],"wp:attachment":[{"href":"https:\/\/www.fc-flying-albatros.de\/neu\/wp-json\/wp\/v2\/media?parent=58"}],"curies":[{"name":"wp","href":"https:\/\/api.w.org\/{rel}","templated":true}]}}

<p><strong>Schiedsrichter des FC Flying Albatros:</strong><br><br>Der FC Flying Albatros e.V. unterstützt den Fußballverband und stellt im Kreis Sieg für die Durchführung des Spielbetriebes folgende Schiedsrichter_innen:</p>



<ul class="wp-block-list">
<li>Sener Tasdemir &#8211; Seniorenschiedsrichter Kreisliga A</li>



<li>Egon Reppert &#8211; Seniorenschiedsrichter Kreisliga B</li>



<li>Annalena Weithe &#8211; Seniorenschiedsrichterin Kreisliga B</li>



<li>Chris Horst &#8211; Seniorenschiedsrichter Bezirksliga</li>



<li>Benjamin Weithe &#8211; Jungschiedsrichter</li>
</ul>



<p></p>



<p><strong>Ansprechpartner:&nbsp;</strong></p>



<ul class="wp-block-list">
<li>Wolfgang Weithe-Berchtold &#8211; Seniorenschiedsrichter Kreisliga B</li>
</ul>



<p>&nbsp;&nbsp;&nbsp;&nbsp;&nbsp;&nbsp;&nbsp;&nbsp;&nbsp;(Tel. 0177-3130460)</p>

<p>Schiedsrichter des FC Flying Albatros: Der FC Flying Albatros e.V. unterstützt den Fußballverband und stellt im Kreis Sieg für die Durchführung des Spielbetriebes folgende Schiedsrichter_innen: Ansprechpartner:&nbsp; &nbsp;&nbsp;&nbsp;&nbsp;&nbsp;&nbsp;&nbsp;&nbsp;&nbsp;(Tel. 0177-3130460)</p>
